Let d(j) = -9*j - 16. Let a be d(-6). Calculate the highest common factor of 76 and a.
38
Let h be 1*2 + -1 + 3. Suppose -85 = h*c - 445. Let g be -6*((-18)/4 + 2). What is the greatest common factor of g and c?
15
Let l(q) = -3*q**3 - 3*q - 2. Let p be l(-3). Suppose -4*d + p = 3*x, 5*d - 160 + 61 = -x. What is the highest common divisor of d and 38?
19
Let k(s) = -s**3 + 9*s**2 + 3*s + 2. Let h be k(8). Calculate the highest common factor of 45 and h.
45
Let g = 1 + 28. Calculate the highest common divisor of 145 and g.
29
Let q(b) = b + 70. Let a be q(0). Suppose 2*j = 4*m - 122, 0*j + 8 = m + 4*j. Calculate the highest common divisor of a and m.
14
Let g(q) = q**2 - 5*q + 4. Let j be g(9). What is the greatest common factor of j and 60?
20
Let l(v) = v**3 - 7*v**2 - 7*v + 12. Suppose 6 = -3*s, 11*u - 5*s = 6*u + 50. Let y be l(u). What is the greatest common divisor of y and 220?
20
Let p = -28 + 34. Calculate the greatest common divisor of 6 and p.
6
Suppose -4*s = 4*h - 68, -4*h + 3*s = -h - 63. Calculate the greatest common factor of h and 19.
19
Let m be (-32)/(-14) + 4/(-14). Suppose 2*t - 2*r = 4*t + 8, t = m*r - 1. Let s(n) = -12*n - 3. Let c be s(t). What is the highest common factor of 22 and c?
11
Let g be (-142)/(-12) + 2/12. Let l = -6 + 13. Let f = l - 1. What is the highest common divisor of g and f?
6
Suppose -2*l + 4*s + 10 = 0, -3 = -2*l - 2*s + 1. Suppose -3*a - l*i = -33, -5*i = 2*a - 3*a + 35. Calculate the highest common divisor of a and 3.
3
Let p(x) = 3*x + 1. Let j be p(4). Let g(f) = 2*f**2 - 6*f - 4. Let v be -6*((-21)/6 - -2). Let h be g(v). Calculate the greatest common factor of j and h.
13
Suppose -2*k + 102 = k. Suppose -38 = -2*g + k. What is the highest common divisor of g and 4?
4
Let q(b) = -b - 6. Let v be q(-8). Suppose -3*o - 42 = -3*x - v*o, -3*o - 6 = -x. Suppose -r + 5*r = 420. Calculate the highest common divisor of r and x.
15
Suppose -2 = -5*f - 32. Let d = f + 8. Suppose -d*n + 45 = 3*n. Calculate the highest common divisor of 45 and n.
9
Suppose 3*w = 3*b + 63, -w + 45 = -0*b + 5*b. Calculate the highest common divisor of w and 200.
25
Let c(u) = 2*u**2 - 3*u - 1. Let b be c(-2). Suppose -3*t + 5 = -b. What is the highest common divisor of 24 and t?
6
Let k be ((-4)/12)/((-3)/72). What is the greatest common factor of k and 32?
8
Let z be 6/(-33) + (-92)/(-22). Let r = z + -8. Let j be 3/(-6) - 6/r. What is the greatest common factor of 2 and j?
1
Let i be 100/6 + (-2)/3. Let m = i - -29. Suppose 5*w = 2*r + 42 + 46, -2*r = 2*w - 38. What is the greatest common factor of m and w?
9
Let y be (-40 + 1)*(-16)/6. Suppose 0 = -2*z - 5*z + 91. Calculate the highest common factor of y and z.
13
Suppose -4 - 4 = -4*l + 4*v, 5*l - v + 10 = 0. Let k(n) = -4*n**3 + 3*n**2 + n. Let y be k(l). Calculate the greatest common divisor of y and 12.
12
Let c(i) = -5*i**3 - i**2 + 1. Let p be c(-1). Let r be -1 - 2*(1 - 9). Calculate the greatest common factor of p and r.
5
Suppose v = 1 + 3. Suppose -v*k = -2*k - 16. What is the greatest common divisor of k and 20?
4
Let u(f) = -4*f**3 + 0*f + 0*f**3 - f + 7*f**3 + f**2 + 1. Let j be u(1). What is the highest common factor of j and 4?
4
Let w(u) = -9*u + 2. Let o be w(-2). Let b = 29 + -9. Calculate the greatest common factor of b and o.
20
Let b be 2/(2/1)*5. Calculate the greatest common factor of b and 10.
5
Let w be ((-8)/1)/((-18)/297). Suppose 5*l - w = l. Calculate the greatest common factor of 22 and l.
11
Let n(r) = -10*r + 1. Let u be n(-2). What is the greatest common divisor of u and 273?
21
Suppose b - 247 = 5*c + 147, -3*b = -4*c - 324. Let n = c + 114. Calculate the greatest common divisor of 4 and n.
4
Suppose 7*b - 2*b = 140. Suppose -v - v = -b. What is the greatest common factor of 2 and v?
2
Let h = 12 + 36. Let k = 14 - 14. Suppose k = 5*p - 2*u - 162, -4 = -3*u + 7*u. What is the highest common divisor of p and h?
16
Let b(m) = 1 - 4*m + 4 + 2*m. Let r be b(-5). Let f be -5*(36/(-10) - -3). What is the greatest common factor of f and r?
3
Suppose -5*q - 3*q + 560 = 0. Let x be (-6)/(-4)*(-6)/3. Let c be 1 + 25 - (x - -1). Calculate the greatest common factor of c and q.
14
Let h(w) = w**3 + 4*w**2 - 7*w + 2. Let c be h(-5). Let d be (-6 - 2)/(2 + (-272)/132). What is the highest common factor of c and d?
12
Let i be -12*(-4)/6*25. Suppose -r = -4*v + i, 5*v - 2*v = -r + 150. Calculate the highest common divisor of v and 20.
10
Suppose 3*w + 2 = 4*w. Let z(b) = -b**3 + 3*b**2 - 5*b + 4. Let k be z(3). Let h = w - k. Calculate the highest common divisor of 39 and h.
13
Let v = -14 - -37. Calculate the greatest common factor of v and 23.
23
Suppose -39 = -3*j - 0*x + 3*x, 4*j - 3*x = 55. Let z = -36 + 22. Let b be z/3*(-72)/14. What is the highest common factor of j and b?
8
Let i = -28 - -48. Let m be ((-7)/(14/i))/(-2). Calculate the greatest common factor of 45 and m.
5
Let h = -22 - -36. What is the greatest common divisor of h and 42?
14
Let u(h) = -5*h**3 + h**2 - 1. Let m be u(-1). Suppose -m*b + 4 = -1. Calculate the greatest common factor of 8 and b.
1
Let m(a) = a**3 - a + 21. Let i be m(0). Let d = 177 + i. Suppose -4*j = -j - 54. Calculate the greatest common divisor of d and j.
18
Suppose 0 = -2*z + 136 + 456. Calculate the greatest common factor of z and 37.
37
Let w(n) = -25*n - 19. Let h be w(-3). Calculate the greatest common divisor of 24 and h.
8
Suppose 3*k + 4*l = 12, 5*k + 4*l = 5*l + 20. Let t(p) = -45*p - 1. Let h be t(-1). Calculate the highest common factor of k and h.
4
Let s(j) = j**3 - 7*j**2 + 7*j - 3. Let g be s(6). Suppose -4*i - y + g*y + 212 = 0, 4*i - 204 = 4*y. Calculate the greatest common factor of 11 and i.
11
Let r = 66 - -60. Calculate the greatest common factor of 18 and r.
18
Suppose -5*g = 3*y - 8, -3*y = -y - 5*g - 22. What is the greatest common divisor of 60 and y?
6
Suppose 0 = 4*b - h - 18, 0 - 1 = b - 3*h. Suppose b*l + 0*l = 60. Let r = -64 - -76. What is the highest common divisor of r and l?
12
Suppose -4*d - 5*k + 2*k = -29, 5*d - k = 22. Let x = 52 + -27. What is the highest common divisor of x and d?
5
Let n(t) = -3*t + 3. Let y be n(-3). What is the highest common divisor of y and 84?
12
Let l be (-3 + 27/2)*2. Calculate the highest common divisor of 14 and l.
7
Let c(j) = -j**2 + 11*j - 8. Let f = 7 - -3. Let o be c(f). Suppose 3*w - o*n - 548 = -w, -3*w + n + 409 = 0. Calculate the greatest common factor of 15 and w.
15
Let m(p) = 27*p + 16. Let z be m(7). Calculate the highest common divisor of 41 and z.
41
Let m be 340/19 + (-20)/(-190). Calculate the greatest common divisor of m and 45.
9
Let a be 2/(-19) - 13688/(-76). What is the greatest common factor of 20 and a?
20
Let y(x) = -2*x - 20. Let w be y(-9). Let i be (w/6)/((-4)/180). Let d(z) = 16*z**2 - 3*z + 2. Let m be d(2). What is the highest common factor of m and i?
15
Let v = 63 - 43. What is the greatest common divisor of v and 80?
20
Let y = 8 - 6. Suppose -11 + 3 = -y*c. What is the highest common divisor of c and 20?
4
Let m(t) = t**2 + 4*t + 1. Let o be m(-8). Let r be ((-9)/(-15))/((-1)/(-5)). What is the greatest common divisor of o and r?
3
Let s(u) = u**2 - 2*u - 8. Let i be s(6). Suppose r - 98 = 4*p, -3*p = 6*r - 2*r - 449. Suppose -18 - r = -l. Calculate the greatest common divisor of i and l.
16
Let t be 6/(-4)*(-13 + 1 + -2). Suppose w = -w + 28. Calculate the highest common divisor of t and w.
7
Let b = 1 + 0. Let i(v) = 17*v**3 + v**2 - v. Let s be i(b). What is the highest common divisor of 17 and s?
17
Suppose 4*w - 121 = 411. Calculate the highest common factor of 19 and w.
19
Let k be 11*5/15*123. What is the greatest common factor of 41 and k?
41
Let n(f) = 3*f**2 + 2*f - 2. Let c be n(-2). Suppose -l - 1 = -c. Suppose 2 = l*d - 13, -3*d - 24 = -3*h. Calculate the highest common divisor of 55 and h.
11
Let c(v) = 4*v + 4. Let g be c(-5). Suppose o = 15 + 13. Let d = g + o. What is the greatest common factor of 84 and d?
12
Let d(s) be the third derivative of 2*s**5/5 + s**4/8 - s**3/3 - 7*s**2. Let w be d(2). Calculate the greatest common divisor of 20 and w.
20
Let i = -653 + 686. Let v(p) = 11*p**2 - p. Let n be v(-1). Let l be ((-9)/n)/((-1)/4). What is the highest common factor of i and l?
3
Let 